are the prime factors of 282209?
43, 6563
List the prime factors of 1537981.
43, 47, 761
List the prime factors of 1056296.
2, 29, 157
List the prime factors of 1992001.
11, 47, 3853
What are the prime factors of 1785162?
2, 3, 89, 3343
What are the prime factors of 1964310?
2, 3, 5, 41, 1597
What are the prime factors of 18594808?
2, 2324351
What are the prime factors of 1346251?
223, 6037
List the prime factors of 259739.
23, 491
List the prime factors of 254285.
5, 50857
List the prime factors of 10093888.
2, 7, 22531
What are the prime factors of 227239?
17, 13367
List the prime factors of 215260.
2, 5, 47, 229
What are the prime factors of 66967?
167, 401
What are the prime factors of 20972991?
3, 13, 537769
List the prime factors of 1074171.
3, 7, 51151
List the prime factors of 187627.
11, 37, 461
List the prime factors of 373808.
2, 61, 383
List the prime factors of 1394001.
3, 7, 29, 109
What are the prime factors of 174218?
2, 11, 7919
What are the prime factors of 7231653?
3, 11, 13, 1873
List the prime factors of 1349742.
2, 3, 227, 991
List the prime factors of 4898345.
5, 43, 22783
List the prime factors of 207512.
2, 25939
List the prime factors of 1848158.
2, 13, 31, 2293
List the prime factors of 9912785.
5, 17, 139, 839
What are the prime factors of 999279?
3, 111031
List the prime factors of 6702219.
3, 29, 25679
What are the prime factors of 898633?
23, 89, 439
List the prime factors of 4279077.
3, 11, 43223
What are the prime factors of 29267?
7, 37, 113
List the prime factors of 34347743.
34347743
List the prime factors of 511193.
511193
List the prime factors of 1287134.
2, 643567
What are the prime factors of 21691536?
2, 3, 29, 15583
What are the prime factors of 585674?
2, 292837
List the prime factors of 376484.
2, 94121
What are the prime factors of 312537?
3, 104179
What are the prime factors of 9936407?
13, 764339
What are the prime factors of 1101429?
3, 7, 17483
What are the prime factors of 417895?
5, 83579
List the prime factors of 276448.
2, 53, 163
List the prime factors of 253949.
253949
List the prime factors of 2323508.
2, 11, 52807
List the prime factors of 5086643.
157, 179, 181
What are the prime factors of 4562202?
2, 3, 760367
List the prime factors of 727594.
2, 7, 51971
List the prime factors of 7553352.
2, 3, 314723
List the prime factors of 4011723.
3, 445747
List the prime factors of 268125.
3, 5, 11, 13
What are the prime factors of 369385?
5, 73877
What are the prime factors of 13304728?
2, 1663091
List the prime factors of 359772.
2, 3, 7, 4283
What are the prime factors of 16285671?
3, 603173
List the prime factors of 2936467.
229, 12823
List the prime factors of 1413550.
2, 5, 17, 1663
What are the prime factors of 5221494?
2, 3, 290083
What are the prime factors of 10189246?
2, 83, 61381
List the prime factors of 3809172.
2, 3, 317431
List the prime factors of 1708961.
1708961
List the prime factors of 1194398.
2, 199, 3001
List the prime factors of 6306094.
2, 23, 137089
What are the prime factors of 1380705?
3, 5, 83, 1109
List the prime factors of 1818028.
2, 454507
What are the prime factors of 5680?
2, 5, 71
What are the prime factors of 680757?
3, 7, 11, 421
List the prime factors of 415123.
17, 24419
What are the prime factors of 101761?
11, 29
What are the prime factors of 1543141?
17, 43, 2111
What are the prime factors of 282702?
2, 3, 7, 53, 127
List the prime factors of 115010.
2, 5, 7, 31, 53
What are the prime factors of 6236?
2, 1559
List the prime factors of 7262468.
2, 17, 106801
What are the prime factors of 1432853?
229, 6257
What are the prime factors of 591354?
2, 3, 47, 233
What are the prime factors of 52604?
2, 13151
List the prime factors of 203005.
5, 11, 3691
What are the prime factors of 227135?
5, 45427
List the prime factors of 1029746.
2, 514873
What are the prime factors of 1089583?
11, 99053
What are the prime factors of 4839693?
3, 43, 37517
What are the prime factors of 2189850?
2, 3, 5, 13, 1123
What are the prime factors of 2960622?
2, 3, 7, 23497
List the prime factors of 343616.
2, 7, 13, 59
What are the prime factors of 701781?
3, 223, 1049
What are the prime factors of 225196?
2, 56299
What are the prime factors of 2011359?
3, 7, 19, 71
List the prime factors of 2380828.
2, 595207
What are the prime factors of 4625431?
4625431
List the prime factors of 175782.
2, 3, 29297
What are the prime factors of 476431?
347, 1373
What are the prime factors of 209859?
3, 13, 5381
What are the prime factors of 770958?
2, 3, 4759
What are the prime factors of 11193017?
11, 53, 73, 263
What are the prime factors of 20290671?
3, 149, 15131
List the prime factors of 5790918.
2, 3, 7, 19697
What are the prime factors of 1454755?
5, 131, 2221
List the prime factors of 14603456.
2, 7, 37, 881
What are the prime factors of 222214?
2, 137, 811
What are the prime factors of 2508277?
2508277
List the prime factors of 2671804.
2, 719, 929
What are the prime factors of 1876274?
2, 643, 1459
List the prime factors of 559067.
559067
What are the prime factors of 625394?
2, 7, 11, 31, 131
List the prime factors of 314930.
2, 5, 7, 11, 409
List the prime factors of 223578.
2, 3, 12421
What are the prime factors of 20719991?
17, 233, 5231
What are the prime factors of 885250?
2, 5, 3541
What are the prime factors of 3343259?
19, 175961
What are the prime factors of 1033432?
2, 101, 1279
What are the prime factors of 7748179?
1289, 6011
List the prime factors of 10944.
2, 3, 19
What are the prime factors of 336850?
2, 5, 6737
List the prime factors of 20598827.
139, 148193
List the prime factors of 204615.
3, 5, 4547
What are the prime factors of 2556900?
2, 3, 5, 947
What are the prime factors of 1835?
5, 367
List the prime factors of 56257.
101, 557
What are the prime factors of 212614?
2, 106307
List the prime factors of 10545257.
10545257
What are the prime factors of 6362689?
283, 22483
What are the prime factors of 24880408?
2, 7, 444293
List the prime factors of 786636.
2, 3, 21851
What are the prime factors of 8230222?
2, 7, 11, 13, 4111
What are the prime factors of 3799011?
3, 1266337
What are the prime factors of 26504257?
13, 23, 88643
List the prime factors of 541620.
2, 3, 5, 17, 59
What are the prime factors of 9819782?
2, 7, 701413
List the prime factors of 118407.
3, 29, 1361
List the prime factors of 35397.
3, 19, 23
List the prime factors of 4207851.
3, 43, 83, 131
What are the prime factors of 1022053?
1022053
List the prime factors of 296754.
2, 3, 49459
What are the prime factors of 13426466?
2, 61, 167, 659
What are the prime factors of 397636?
2, 99409
What are the prime factors of 530602?
2, 359, 739
List the prime factors of 8251466.
2, 293, 14081
List the prime factors of 2542246.
2, 7, 41, 43, 103
List the prime factors of 1329330.
2, 3, 5, 73, 607
List the prime factors of 2189793.
3, 729931
What are the prime factors of 14806?
2, 11, 673
List the prime factors of 1326727.
1326727
List the prime factors of 1698963.
3, 7, 17, 4759
What are the prime factors of 594369?
3, 66041
What are the prime factors of 63978?
2, 3, 10663
List the prime factors of 3778596.
2, 3, 59, 593
What are the prime factors of 775913?
131, 5923
What are the prime factors of 8124664?
2, 461, 2203
List the prime factors of 6799007.
23, 487, 607
List the prime factors of 4493888.
2, 7, 1433
What are the prime factors of 6288081?
3, 401, 5227
List the prime factors of 18543427.
7, 47, 157, 359
What are the prime factors of 469761?
3, 17, 61, 151
List the prime factors of 197544.
2, 3, 8231
List the prime factors of 1015723.
1015723
List the prime factors of 5032148.
2, 11, 37, 281
What are the prime factors of 5691660?
2, 3, 5, 13, 7297
What are the prime factors of 4160118?
2, 3, 693353
What are the prime factors of 453962?
2, 61
What are the prime factors of 5232106?
2, 11, 19, 12517
List the prime factors of 9699665.
5, 71, 89, 307
What are the prime factors of 1061245?
5, 19, 11171
List the prime factors of 1887273.
3, 69899
What are the prime factors of 394633?
394633
What are the prime factors of 521763?
3, 11, 97, 163
List the prime factors of 168227.
168227
List the prime factors of 3486730.
2, 5, 13, 26821
What are the prime factors of 31016332?
2, 97, 79939
List the 